hest common divisor of 1988 and 62893859?
497
What is the greatest common divisor of 21953435 and 2030?
1015
Calculate the greatest common divisor of 2 and 762170.
2
What is the highest common factor of 2625326 and 96482?
5078
What is the highest common factor of 55 and 7383552?
11
What is the highest common factor of 1036692 and 178292?
116
Calculate the highest common factor of 1640164 and 1168.
292
What is the greatest common divisor of 4387369 and 3731?
287
What is the greatest common divisor of 2783892 and 156?
12
Calculate the highest common factor of 97 and 22557253.
97
What is the greatest common divisor of 191308471 and 2914?
1457
What is the highest common factor of 154 and 27456506?
154
What is the greatest common divisor of 18930122 and 712?
178
What is the highest common factor of 1875 and 21182025?
75
What is the highest common factor of 18650871 and 25110?
837
Calculate the highest common factor of 27680562 and 38178.
378
Calculate the greatest common divisor of 2783132 and 660.
44
What is the highest common divisor of 76242 and 6014?
194
Calculate the highest common divisor of 361566 and 9291006.
954
Calculate the highest common divisor of 8407800672 and 376.
376
What is the greatest common factor of 3012 and 16366204?
1004
Calculate the greatest common divisor of 13832899 and 47.
47
Calculate the highest common factor of 12 and 678560772.
12
What is the greatest common factor of 37074 and 1750494?
1002
Calculate the highest common divisor of 184160436 and 7512.
3756
What is the highest common divisor of 2874587040 and 72?
72
Calculate the highest common factor of 95905921 and 5514.
919
What is the greatest common divisor of 13959 and 34913538?
297
What is the highest common divisor of 12 and 46544508?
12
What is the greatest common divisor of 1012 and 50567524?
92
Calculate the greatest common divisor of 12050836 and 6321.
301
What is the greatest common factor of 168 and 10380648?
24
Calculate the greatest common divisor of 8704 and 4643.
1
What is the greatest common divisor of 253740109 and 7?
7
Calculate the greatest common factor of 5768 and 5640682936.
5768
Calculate the greatest common factor of 15538470 and 60.
30
What is the highest common divisor of 65538 and 32438?
662
Calculate the greatest common divisor of 13248 and 603888.
1104
What is the greatest common divisor of 617 and 623302655?
617
What is the greatest common divisor of 225 and 27971271?
9
What is the highest common factor of 3580 and 1246360?
20
Calculate the highest common divisor of 31094 and 21139478.
4442
What is the highest common divisor of 171 and 5117422?
19
What is the greatest common factor of 4449 and 11183303?
1483
Calculate the greatest common factor of 9686080 and 8640.
320
Calculate the greatest common divisor of 114373 and 875.
7
Calculate the highest common factor of 103675 and 12009712.
4147
Calculate the highest common divisor of 2174944 and 388.
4
What is the highest common divisor of 231 and 16927977?
33
Calculate the highest common factor of 9093546 and 4774.
154
Calculate the greatest common divisor of 406636 and 6371.
277
Calculate the highest common factor of 8302 and 558964.
14
What is the highest common divisor of 35900262 and 36?
18
What is the greatest common divisor of 532477 and 7326?
11
What is the greatest common divisor of 569016 and 113400?
504
What is the greatest common divisor of 40873562 and 124?
62
What is the greatest common factor of 779800 and 392?
56
What is the greatest common divisor of 42390 and 317140?
1570
Calculate the greatest common factor of 215 and 1076365.
5
Calculate the greatest common factor of 182097 and 1728.
9
Calculate the highest common divisor of 736917979 and 2947.
2947
What is the highest common factor of 43939934 and 544?
34
What is the highest common divisor of 1886 and 316589618?
1886
Calculate the greatest common factor of 32832 and 113881896.
4104
What is the greatest common factor of 71826960 and 16?
16
Calculate the greatest common divisor of 3269520 and 336.
48
Calculate the greatest common factor of 13917908 and 44.
4
Calculate the greatest common factor of 39063 and 501439.
29
What is the greatest common divisor of 4353993 and 189?
189
Calculate the highest common factor of 7235 and 181589818.
1447
Calculate the greatest common factor of 3040 and 4132640.
160
Calculate the greatest common divisor of 13078 and 117754.
26
What is the greatest common divisor of 480828 and 564?
12
What is the greatest common divisor of 700707800 and 2600?
2600
What is the greatest common factor of 34 and 27026328?
34
What is the greatest common divisor of 13 and 11774373?
13
Calculate the highest common divisor of 34593 and 9566295.
2661
Calculate the greatest common factor of 40 and 9984088.
8
Calculate the highest common factor of 754996 and 1298.
22
What is the highest common divisor of 291040398 and 40605?
8121
Calculate the greatest common factor of 48 and 613912.
8
Calculate the greatest common divisor of 1080 and 48835170.
270
What is the greatest common factor of 4832 and 17969?
151
What is the greatest common divisor of 30984240 and 60?
60
Calculate the highest common factor of 1336910 and 410.
10
What is the greatest common factor of 5676 and 1175064?
132
What is the greatest common factor of 724 and 17604060?
724
What is the highest common factor of 74740 and 3320880?
2020
What is the greatest common factor of 141702 and 21696?
678
What is the highest common divisor of 268 and 283827209?
67
Calculate the highest common divisor of 43688473 and 129.
43
What is the greatest common divisor of 2207457 and 258741?
2331
What is the greatest common divisor of 19940 and 22775468?
3988
Calculate the highest common divisor of 1 and 3475153.
1
Calculate the highest common divisor of 86582770 and 10.
10
What is the highest common factor of 273103 and 277369?
79
Calculate the highest common factor of 85116855 and 45.
15
What is the highest common factor of 9114 and 30009147?
651
What is the highest common factor of 30698680 and 24?
8
Calculate the highest common factor of 2632 and 99096.
8
Calculate the highest common divisor of 6644 and 781111826.
3322
Calculate the highest common factor of 120080 and 6337222.
3002
What is the highest common factor of 4602997 and 583?
53
What is the greatest common divisor of 3449533 and 10956829?
8689
What is the highest common divisor of 188552 and 215192?
296
Calculate the greatest common divisor of 56497292 and 460.
92
Calculate the greatest common divisor of 492740 and 80.
20
What is the greatest common factor of 6143000 and 272?
8
What is the greatest common divisor of 521639 and 384341?
467
What is the highest common divisor of 11513131 and 51?
17
What is the greatest common factor of 807194808 and 96?
24
Calculate the highest common divisor of 13 and 379377557.
13
Calculate the highest common divisor of 178 and 334134302.
178
What is the highest common divisor of 16430027 and 3841?
23
Calculate the highest common factor of 634018584 and 40.
8
What is the greatest common factor of 737685 and 70810?
485
What is the highest common divisor of 1842704 and 27716?
164
What is the highest common factor of 1365 and 5376007?
91
Calculate the highest common factor of 12802 and 1184.
74
What is the highest common divisor of 1818 and 1994904?
18
What is the greatest common divisor of 4768721 and 153?
17
Calculate the greatest common factor of 7526 and 3024286.
106
What is the highest common factor of 4927794 and 9312?
582
Calculate the greatest common divisor of 80 and 195962.
2
Calculate the greatest common divisor of 152832 and 556.
4
What is the greatest common factor of 334542 and 234?
78
What is the highest common divisor of 1478406 and 104991?
237
Calculate the greatest common factor of 9789 and 34125.
39
Calculate the greatest common factor of 18 and 2832528.
6
Calculate the highest common factor of 1953 and 129213.
63
Calculate the highest common divisor of 37 and 1455617.
37
What is the highest common factor of 2248012 and 1768?
884
What is the greatest common divisor of 35564 and 34918?
34
What is the highest common factor of 392 and 79480744?
392
What is the highest common divisor of 51708 and 91733328?
1668
What is the highest common factor of 907510 and 73